8?
2, 61
What are the prime factors of 14199?
3, 4733
List the prime factors of 25944.
2, 3, 23, 47
List the prime factors of 11694.
2, 3, 1949
What are the prime factors of 6365?
5, 19, 67
List the prime factors of 32419.
17, 1907
What are the prime factors of 1914?
2, 3, 11, 29
List the prime factors of 9712.
2, 607
What are the prime factors of 119483?
7, 13, 101
What are the prime factors of 550?
2, 5, 11
What are the prime factors of 705?
3, 5, 47
What are the prime factors of 4274?
2, 2137
What are the prime factors of 8617?
7, 1231
List the prime factors of 129799.
293, 443
What are the prime factors of 1367?
1367
What are the prime factors of 892?
2, 223
List the prime factors of 187.
11, 17
What are the prime factors of 2640?
2, 3, 5, 11
List the prime factors of 1921.
17, 113
What are the prime factors of 331?
331
What are the prime factors of 8976?
2, 3, 11, 17
List the prime factors of 129189.
3, 43063
List the prime factors of 10920.
2, 3, 5, 7, 13
What are the prime factors of 116225?
5, 4649
What are the prime factors of 761?
761
What are the prime factors of 105352?
2, 13, 1013
What are the prime factors of 25780?
2, 5, 1289
List the prime factors of 51.
3, 17
What are the prime factors of 550?
2, 5, 11
List the prime factors of 2401.
7
What are the prime factors of 752?
2, 47
What are the prime factors of 545?
5, 109
What are the prime factors of 1576?
2, 197
What are the prime factors of 2959?
11, 269
What are the prime factors of 15098?
2, 7549
What are the prime factors of 42477?
3, 14159
List the prime factors of 14606.
2, 67, 109
List the prime factors of 496.
2, 31
What are the prime factors of 25859?
19, 1361
What are the prime factors of 23444?
2, 5861
List the prime factors of 10840.
2, 5, 271
What are the prime factors of 18990?
2, 3, 5, 211
List the prime factors of 15129.
3, 41
What are the prime factors of 13215?
3, 5, 881
List the prime factors of 1943.
29, 67
List the prime factors of 914.
2, 457
What are the prime factors of 1202?
2, 601
List the prime factors of 10904.
2, 29, 47
What are the prime factors of 2446?
2, 1223
What are the prime factors of 1967?
7, 281
What are the prime factors of 5984?
2, 11, 17
What are the prime factors of 1813?
7, 37
List the prime factors of 1025.
5, 41
List the prime factors of 10583.
19, 557
What are the prime factors of 10413?
3, 13, 89
List the prime factors of 1825.
5, 73
What are the prime factors of 1528?
2, 191
What are the prime factors of 1309?
7, 11, 17
List the prime factors of 59441.
59441
What are the prime factors of 20014?
2, 10007
What are the prime factors of 4235?
5, 7, 11
List the prime factors of 10841.
37, 293
List the prime factors of 40882.
2, 20441
List the prime factors of 11815.
5, 17, 139
List the prime factors of 21096.
2, 3, 293
What are the prime factors of 8967?
3, 7, 61
What are the prime factors of 1332?
2, 3, 37
What are the prime factors of 26086?
2, 13043
List the prime factors of 11830.
2, 5, 7, 13
List the prime factors of 6059.
73, 83
List the prime factors of 16903.
16903
List the prime factors of 44232.
2, 3, 19, 97
What are the prime factors of 84764?
2, 21191
List the prime factors of 7274.
2, 3637
List the prime factors of 136.
2, 17
List the prime factors of 10290.
2, 3, 5, 7
What are the prime factors of 218?
2, 109
What are the prime factors of 72194?
2, 36097
List the prime factors of 680.
2, 5, 17
What are the prime factors of 99408?
2, 3, 19, 109
What are the prime factors of 14159?
14159
List the prime factors of 1781.
13, 137
List the prime factors of 35362.
2, 17681
What are the prime factors of 4779?
3, 59
List the prime factors of 1855.
5, 7, 53
List the prime factors of 72954.
2, 3, 7, 193
What are the prime factors of 2082?
2, 3, 347
What are the prime factors of 13605?
3, 5, 907
List the prime factors of 48316.
2, 47, 257
What are the prime factors of 8211?
3, 7, 17, 23
What are the prime factors of 27785?
5, 5557
What are the prime factors of 1922?
2, 31
List the prime factors of 777.
3, 7, 37
List the prime factors of 398.
2, 199
List the prime factors of 17507.
7, 41, 61
What are the prime factors of 689?
13, 53
List the prime factors of 790.
2, 5, 79
List the prime factors of 1107.
3, 41
List the prime factors of 1606.
2, 11, 73
What are the prime factors of 4679?
4679
What are the prime factors of 7916?
2, 1979
List the prime factors of 3901.
47, 83
List the prime factors of 1020.
2, 3, 5, 17
What are the prime factors of 2196?
2, 3, 61
List the prime factors of 363.
3, 11
List the prime factors of 2725.
5, 109
What are the prime factors of 7111?
13, 547
What are the prime factors of 398?
2, 199
What are the prime factors of 12791?
12791
List the prime factors of 21597.
3, 23, 313
What are the prime factors of 7383?
3, 23, 107
List the prime factors of 10.
2, 5
What are the prime factors of 880?
2, 5, 11
List the prime factors of 693.
3, 7, 11
What are the prime factors of 5312?
2, 83
What are the prime factors of 2890?
2, 5, 17
List the prime factors of 57438.
2, 3, 3191
What are the prime factors of 23806?
2, 11903
List the prime factors of 280.
2, 5, 7
What are the prime factors of 9015?
3, 5, 601
What are the prime factors of 8027?
23, 349
What are the prime factors of 18398?
2, 9199
What are the prime factors of 189?
3, 7
List the prime factors of 10530.
2, 3, 5, 13
What are the prime factors of 19067?
23, 829
List the prime factors of 21610.
2, 5, 2161
What are the prime factors of 4686?
2, 3, 11, 71
List the prime factors of 27368.
2, 11, 311
List the prime factors of 10997.
7, 1571
List the prime factors of 81.
3
List the prime factors of 10586.
2, 67, 79
List the prime factors of 14752.
2, 461
What are the prime factors of 13190?
2, 5, 1319
List the prime factors of 1651.
13, 127
List the prime factors of 4172.
2, 7, 149
List the prime factors of 19621.
7, 2803
What are the prime factors of 353?
353
List the prime factors of 68261.
68261
What are the prime factors of 12172?
2, 17, 179
What are the prime factors of 23055?
3, 5, 29, 53
List the prime factors of 58043.
58043
List the prime factors of 2560.
2, 5
List the prime factors of 663.
3, 13, 17
List the prime factors of 1610.
2, 5, 7, 23
What are the prime factors of 1097?
1097
List the prime factors of 81239.
81239
What are the prime factors of 6000?
2, 3, 5
What are the prime factors of 3171?
3, 7, 151
What are the prime factors of 1783?
1783
List the prime factors of 3287.
19, 173
What are the prime factors of 496?
2, 31
List the prime factors of 28721.
7, 11, 373
What are the prime factors of 320?
2, 5
What are the prime factors of 54411?
3, 7, 2591
What are the prime factors of 2579?
2579
List the prime factors of 3649.
41, 89
What are the prime factors of 194?
2, 97
List the prime factors of 62720.
2, 5, 7
What are the prime factors of 5056?
2, 79
What are the prime factors of 9619?
9619
List the prime factors of 4785.
3, 5, 11, 29
List the prime factors of 3474.
2, 3, 193
List the prime factors of 1504.
2, 47
What are the prime factors of 51329?
51329
What are the prime factors of 3323?
3323
List the prime factors of 30192.
2, 3, 17, 37
What are the prime factors of 226?
2, 113
What are the prime factors of 12849?
3, 4283
What are the prime factors of 3136?
2, 7
What are the prime factors of 14298?
2, 3, 2383
What are the prime factors of 1627?
1627
What are the prime factors of 4648?
2, 7, 83
What are the prime factors of 1098?
2, 3, 61
What are the prime factors of 1215?
3, 5
List the prime factors of 942.
2, 3, 157
What are the prime factors of 1162?
2, 7, 83
What are the prime factors of 29356?
2, 41, 179
List the prime factors of 4303.
13, 331
What are the prime factors of 93271?
19, 4909
List the prime factors of 30115.
5, 19, 317
List the prime factors of 6463.
23, 281
List the prime factors of 40340.
2, 5, 2017
List the prime factors of 15167.
29, 523
What are the prime factors of 11307?
3, 3769
What are the prime factors of 1892?
2, 11, 43
List the prime factors of 6181.
7, 883
What are the prime factors of 1000?
2, 5
What are the prime factors of 5700?
2, 3, 5, 19
What are the prime factors of 3415?
5, 683
What are the prime factors of 29586?
2, 3, 4931
What are the prime factors of 195362?
2, 23, 31, 137
List the prime factors 